{"id":6,"date":"2026-02-02T16:31:35","date_gmt":"2026-02-02T15:31:35","guid":{"rendered":"https:\/\/borkowskasmm.pl\/?page_id=6"},"modified":"2026-04-02T02:03:35","modified_gmt":"2026-04-02T00:03:35","slug":"strona-glowna","status":"publish","type":"page","link":"https:\/\/borkowskasmm.pl\/","title":{"rendered":"Realne wyniki wsp\u00f3\u0142pracy"},"content":{"rendered":"\n<p><\/p>\n\n\n\n<div class=\"wp-block-columns has-background is-layout-flex wp-container-core-columns-is-layout-f5b8be51 wp-block-columns-is-layout-flex\" style=\"border-style:none;border-width:0px;border-top-left-radius:100px;border-top-right-radius:100px;border-bottom-left-radius:100px;border-bottom-right-radius:100px;background-color:#e9dbd6;box-shadow:var(--wp--preset--shadow--deep)\">\n<div class=\"wp-block-column has-background has-large-font-size is-layout-flow wp-block-column-is-layout-flow\" style=\"background-color:#e9dbd6\">\n<p><\/p>\n\n\n\n<h2 class=\"wp-block-heading has-large-font-size\">Strategia i reklamy, kt\u00f3re realnie zwi\u0119kszaj\u0105 sprzeda\u017c.<\/h2>\n<\/div>\n\n\n\n<div class=\"wp-block-column has-background is-layout-flow wp-block-column-is-layout-flow\" style=\"background-color:#e9dbd6\">\n<figure class=\"wp-block-gallery alignleft has-nested-images columns-default is-cropped wp-block-gallery-1 is-layout-flex wp-block-gallery-is-layout-flex\">\n<figure class=\"wp-block-image size-full is-style-rounded\"><img loading=\"lazy\" decoding=\"async\" width=\"1024\" height=\"729\" data-id=\"109\" src=\"https:\/\/borkowskasmm.pl\/wp-content\/uploads\/2026\/03\/IMG_6144.jpg\" alt=\"\" class=\"wp-image-109\" srcset=\"https:\/\/borkowskasmm.pl\/wp-content\/uploads\/2026\/03\/IMG_6144.jpg 1024w, https:\/\/borkowskasmm.pl\/wp-content\/uploads\/2026\/03\/IMG_6144-300x214.jpg 300w, https:\/\/borkowskasmm.pl\/wp-content\/uploads\/2026\/03\/IMG_6144-768x547.jpg 768w\" sizes=\"auto, (max-width: 1024px) 100vw, 1024px\" \/><\/figure>\n<\/figure>\n<\/div>\n<\/div>\n\n\n\n<p><\/p>\n\n\n\n<p class=\"has-text-align-center has-medium-font-size\"><strong>Tworz\u0119 strategi\u0119, content i kampanie Meta Ads, kt\u00f3re realnie zwi\u0119kszaj\u0105 sprzeda\u017c Twojej marki.<\/strong><\/p>\n\n\n\n<div class=\"wp-block-buttons alignwide is-content-justification-center is-layout-flex wp-container-core-buttons-is-layout-a89b3969 wp-block-buttons-is-layout-flex\">\n<div class=\"wp-block-button has-custom-width wp-block-button__width-50\"><a class=\"wp-block-button__link has-medium-font-size has-text-align-center has-custom-font-size wp-element-button\" style=\"border-top-left-radius:30px;border-top-right-radius:30px;border-bottom-left-radius:30px;border-bottom-right-radius:30px\"><strong>Um\u00f3w Bezp\u0142atn\u0105 konsultacj\u0119<\/strong><\/a><\/div>\n<\/div>\n\n\n\n<h2 class=\"wp-block-heading has-text-align-center has-text-color has-x-large-font-size\" style=\"color:#222222;margin-top:80px\">Dla kogo jest Borkowska SMM?<\/h2>\n\n\n\n<div class=\"wp-block-group has-background is-layout-constrained wp-container-core-group-is-layout-455a8469 wp-block-group-is-layout-constrained\" style=\"border-top-left-radius:100px;border-top-right-radius:100px;border-bottom-left-radius:100px;border-bottom-right-radius:100px;background-color:#faf2f1;margin-bottom:30px;padding-top:100px;padding-right:60px;padding-bottom:100px;padding-left:60px;box-shadow:var(--wp--preset--shadow--deep)\">\n<h3 class=\"wp-block-heading has-text-align-center\">Wsp\u00f3\u0142pracuj\u0119 z markami, kt\u00f3re chc\u0105 rosn\u0105\u0107 \u015bwiadomie i strategicznie \u2014 nie przypadkowo.<\/h3>\n\n\n\n<p>To wsp\u00f3\u0142praca dla Ciebie, je\u015bli:<\/p>\n\n\n\n<ul class=\"wp-block-list has-medium-font-size\">\n<li class=\"has-medium-font-size\">\u2714\ufe0f Chcesz realnie zwi\u0119ksza\u0107 sprzeda\u017c, a nie tylko prowadzi\u0107 estetyczny profil<\/li>\n\n\n\n<li class=\"has-medium-font-size\">\u2714\ufe0f Traktujesz marketing jako inwestycj\u0119, nie koszt<\/li>\n\n\n\n<li class=\"has-medium-font-size\">\u2714\ufe0f Jeste\u015b gotowa\/gotowy dzia\u0142a\u0107 konsekwentnie i d\u0142ugofalowo<\/li>\n\n\n\n<li class=\"has-medium-font-size\">\u2714\ufe0f Masz produkt lub us\u0142ug\u0119, kt\u00f3ra realnie wnosi warto\u015b\u0107<\/li>\n<\/ul>\n\n\n\n<p>Nie jest to wsp\u00f3\u0142praca dla os\u00f3b, kt\u00f3re szukaj\u0105 szybkich trik\u00f3w lub najta\u0144szego rozwi\u0105zania.<\/p>\n\n\n\n<p class=\"has-text-align-left\"><strong>Pracuj\u0119 z tymi, kt\u00f3rzy chc\u0105 budowa\u0107 mark\u0119 na lata<\/strong><\/p>\n<\/div>\n\n\n\n<p><\/p>\n\n\n\n<p><\/p>\n\n\n\n<h2 class=\"wp-block-heading has-text-align-center\"><strong>Co mog\u0119 zrobi\u0107 dla Twojej marki<\/strong><\/h2>\n\n\n\n<p><\/p>\n\n\n\n<p class=\"has-text-align-center has-medium-font-size\"><strong>Pomagam markom rosn\u0105\u0107 w social media dzi\u0119ki strategii, profesjonalnemu contentowi i skutecznym kampaniom reklamowym.<br>Ka\u017cda wsp\u00f3\u0142praca zaczyna si\u0119 od analizy Twojej marki i dopasowania dzia\u0142a\u0144 do Twojego biznesu.<\/strong><\/p>\n\n\n\n<p><\/p>\n\n\n\n<div class=\"wp-block-columns is-layout-flex wp-container-core-columns-is-layout-28f84493 wp-block-columns-is-layout-flex\" style=\"border-top-left-radius:100px;border-top-right-radius:100px;border-bottom-left-radius:100px;border-bottom-right-radius:100px;box-shadow:var(--wp--preset--shadow--deep)\">\n<div class=\"wp-block-column is-layout-flow wp-block-column-is-layout-flow\">\n<p class=\"has-text-align-center has-background has-medium-font-size\" style=\"border-top-left-radius:100px;border-top-right-radius:100px;border-bottom-left-radius:100px;border-bottom-right-radius:100px;background-color:#e9dbd6\"><strong>01 <\/strong><\/p>\n\n\n\n<p class=\"has-text-align-center has-background has-medium-font-size\" style=\"border-top-left-radius:100px;border-top-right-radius:100px;border-bottom-left-radius:100px;border-bottom-right-radius:100px;background-color:#e9dbd6\"><strong>Analiza Twojej marki, konkurencji i grupy docelowej.<br>Tworz\u0119 strategi\u0119, kt\u00f3ra realnie wspiera sprzeda\u017c i rozw\u00f3j Twojego biznesu.<\/strong><\/p>\n<\/div>\n\n\n\n<div class=\"wp-block-column is-layout-flow wp-block-column-is-layout-flow\">\n<p class=\"has-text-align-center has-background has-medium-font-size\" style=\"border-top-left-radius:100px;border-top-right-radius:100px;border-bottom-left-radius:100px;border-bottom-right-radius:100px;background-color:#e9dbd6\"><strong>02 <\/strong><\/p>\n\n\n\n<p class=\"has-text-align-center has-background has-medium-font-size\" style=\"border-top-left-radius:100px;border-top-right-radius:100px;border-bottom-left-radius:100px;border-bottom-right-radius:100px;background-color:#e9dbd6\"><strong>Planowanie tre\u015bci, tworzenie contentu i rozw\u00f3j Twojego profilu.<br>Dbam o sp\u00f3jny wizerunek marki i regularn\u0105 komunikacj\u0119 z odbiorcami.<\/strong><\/p>\n<\/div>\n\n\n\n<div class=\"wp-block-column is-layout-flow wp-block-column-is-layout-flow\">\n<p class=\"has-text-align-center has-background has-medium-font-size\" style=\"border-top-left-radius:100px;border-top-right-radius:100px;border-bottom-left-radius:100px;border-bottom-right-radius:100px;background-color:#e9dbd6\"><strong>03 <\/strong><\/p>\n\n\n\n<p class=\"has-text-align-center has-background has-medium-font-size\" style=\"border-top-left-radius:100px;border-top-right-radius:100px;border-bottom-left-radius:100px;border-bottom-right-radius:100px;background-color:#e9dbd6\"><strong>Tworz\u0119 i optymalizuj\u0119 kampanie reklamowe na Facebooku i Instagramie,<br>kt\u00f3re zwi\u0119kszaj\u0105 sprzeda\u017c i pozyskuj\u0105 nowych klient\u00f3w.<\/strong><\/p>\n<\/div>\n<\/div>\n\n\n\n<div class=\"wp-block-buttons is-horizontal is-content-justification-center is-layout-flex wp-container-core-buttons-is-layout-bba8380a wp-block-buttons-is-layout-flex\" style=\"margin-top:50px\">\n<div class=\"wp-block-button has-custom-width wp-block-button__width-50\"><a class=\"wp-block-button__link has-medium-font-size has-text-align-center has-custom-font-size wp-element-button\" style=\"border-top-left-radius:30px;border-top-right-radius:30px;border-bottom-left-radius:30px;border-bottom-right-radius:30px\"><strong>Um\u00f3w bezp\u0142atn\u0105 konsultacj\u0119<\/strong><\/a><\/div>\n<\/div>\n\n\n\n<h2 class=\"wp-block-heading has-text-align-center\" style=\"margin-top:70px\"><strong>Jak wygl\u0105da wsp\u00f3\u0142praca<\/strong><\/h2>\n\n\n\n<p class=\"has-text-align-center has-medium-font-size\"><strong>Wsp\u00f3\u0142praca zaczyna si\u0119 od poznania Twojej marki, cel\u00f3w i potencja\u0142u biznesowego. Dzi\u0119ki temu tworz\u0119 strategi\u0119 marketingow\u0105, kt\u00f3ra realnie zwi\u0119ksza sprzeda\u017c.<\/strong><\/p>\n\n\n\n<p><\/p>\n\n\n\n<div class=\"wp-block-columns is-layout-flex wp-container-core-columns-is-layout-01ca06ff wp-block-columns-is-layout-flex\" style=\"border-top-left-radius:30px;border-top-right-radius:30px;border-bottom-left-radius:30px;border-bottom-right-radius:30px;padding-top:100px;padding-bottom:100px;box-shadow:var(--wp--preset--shadow--deep)\">\n<div class=\"wp-block-column is-layout-flow wp-block-column-is-layout-flow\" style=\"flex-basis:25%\">\n<h2 class=\"wp-block-heading has-text-align-center has-background has-large-font-size\" style=\"border-style:none;border-width:0px;border-top-left-radius:30px;border-top-right-radius:30px;border-bottom-left-radius:30px;border-bottom-right-radius:30px;background-color:#cfa5a0;padding-top:11px;padding-bottom:11px\"> <strong>01<\/strong><\/h2>\n\n\n\n<h2 class=\"wp-block-heading has-text-align-center\"><strong>Konsultacja<\/strong><\/h2>\n\n\n\n<p class=\"has-text-align-center has-background has-medium-font-size\" style=\"border-top-left-radius:30px;border-top-right-radius:30px;border-bottom-left-radius:30px;border-bottom-right-radius:30px;background-color:#e6d2cc\"><strong>Rozmawiamy o Twojej marce, celach biznesowych<br>i obecnych dzia\u0142aniach marketingowych.<\/strong><\/p>\n<\/div>\n\n\n\n<div class=\"wp-block-column is-layout-flow wp-block-column-is-layout-flow\" style=\"flex-basis:50%\">\n<div class=\"wp-block-columns is-layout-flex wp-container-core-columns-is-layout-28f84493 wp-block-columns-is-layout-flex\">\n<div class=\"wp-block-column is-layout-flow wp-block-column-is-layout-flow\">\n<h2 class=\"wp-block-heading has-text-align-center has-background has-large-font-size\" style=\"border-top-left-radius:30px;border-top-right-radius:30px;border-bottom-left-radius:30px;border-bottom-right-radius:30px;background-color:#cfa5a0;padding-top:11px;padding-bottom:11px\"><strong>02<\/strong><\/h2>\n\n\n\n<h2 class=\"wp-block-heading has-text-align-center\"><strong>Analiza<\/strong><\/h2>\n\n\n\n<p class=\"has-text-align-center has-background has-medium-font-size\" style=\"border-top-left-radius:30px;border-top-right-radius:30px;border-bottom-left-radius:30px;border-bottom-right-radius:30px;background-color:#e6d2cc\"><strong>Analizuj\u0119 Twoj\u0105 mark\u0119, konkurencj\u0119<br>oraz grup\u0119 docelow\u0105.<\/strong><\/p>\n<\/div>\n\n\n\n<div class=\"wp-block-column is-layout-flow wp-block-column-is-layout-flow\">\n<h2 class=\"wp-block-heading has-text-align-center has-background has-large-font-size\" style=\"border-top-left-radius:30px;border-top-right-radius:30px;border-bottom-left-radius:30px;border-bottom-right-radius:30px;background-color:#cfa5a0;padding-top:11px;padding-bottom:11px\"><strong>03<\/strong><\/h2>\n\n\n\n<h2 class=\"wp-block-heading has-text-align-center\"><strong>Strategia<\/strong><\/h2>\n\n\n\n<p class=\"has-text-align-center has-background has-medium-font-size\" style=\"border-top-left-radius:30px;border-top-right-radius:30px;border-bottom-left-radius:30px;border-bottom-right-radius:30px;background-color:#e6d2cc\"><strong>Tworz\u0119 plan komunikacji,<br>contentu i kampanii reklamowych.<\/strong><\/p>\n<\/div>\n<\/div>\n<\/div>\n\n\n\n<div class=\"wp-block-column has-medium-font-size is-layout-flow wp-block-column-is-layout-flow\" style=\"flex-basis:25%\">\n<h2 class=\"wp-block-heading has-text-align-center has-background has-large-font-size\" style=\"border-top-left-radius:30px;border-top-right-radius:30px;border-bottom-left-radius:30px;border-bottom-right-radius:30px;background-color:#cfa5a0;padding-top:11px;padding-bottom:11px\"><strong>04<\/strong><\/h2>\n\n\n\n<h2 class=\"wp-block-heading has-text-align-center\"><strong>Wdro\u017cenie<\/strong><\/h2>\n\n\n\n<p class=\"has-text-align-center has-background\" style=\"border-top-left-radius:30px;border-top-right-radius:30px;border-bottom-left-radius:30px;border-bottom-right-radius:30px;background-color:#e6d2cc\"><strong>Uruchamiam dzia\u0142ania,<br>analizuj\u0119 wyniki i optymalizuj\u0119 kampanie<\/strong><\/p>\n<\/div>\n<\/div>\n\n\n\n<p><\/p>\n\n\n\n<p><\/p>\n\n\n\n<h2 class=\"wp-block-heading has-text-align-center\" style=\"margin-top:100px\"><strong>Dlaczego warto ze mn\u0105 pracowa\u0107 <\/strong><\/h2>\n\n\n\n<p class=\"has-text-align-center has-medium-font-size\"><strong>Nie prowadz\u0119 social media tylko po to, \u017ceby profil wygl\u0105da\u0142 estetycznie.<\/strong><\/p>\n\n\n\n<p class=\"has-text-align-center has-medium-font-size\"><strong>Moim celem jest realny rozw\u00f3j Twojej marki, zwi\u0119kszenie sprzeda\u017cy i budowanie silnej obecno\u015bci w social media.<\/strong><\/p>\n\n\n\n<div class=\"wp-block-columns has-background is-layout-flex wp-container-core-columns-is-layout-96c4b770 wp-block-columns-is-layout-flex\" style=\"border-width:6px;border-top-left-radius:100px;border-top-right-radius:100px;border-bottom-left-radius:100px;border-bottom-right-radius:100px;background-color:#ebd3d0;margin-top:120px;box-shadow:var(--wp--preset--shadow--deep)\">\n<div class=\"wp-block-column has-medium-font-size is-layout-flow wp-block-column-is-layout-flow\" style=\"font-style:italic;font-weight:600\">\n<h2 class=\"wp-block-heading has-text-align-left\">Us\u0142ugi<\/h2>\n\n\n\n<p class=\"has-text-align-left\">Pomagam firmom budowa\u0107 siln\u0105 obecno\u015b\u0107 w social mediach<br>oraz zwi\u0119ksza\u0107 sprzeda\u017c dzi\u0119ki skutecznej strategii<br>i kampaniom reklamowym.<\/p>\n<\/div>\n\n\n\n<div class=\"wp-block-column is-layout-flow wp-block-column-is-layout-flow\">\n<figure class=\"wp-block-image size-full is-style-rounded\" style=\"margin-top:50px\"><img loading=\"lazy\" decoding=\"async\" width=\"500\" height=\"500\" src=\"https:\/\/borkowskasmm.pl\/wp-content\/uploads\/2026\/03\/photo_2026-03-09_23-28-03-removebg-preview-1-1.png\" alt=\"\" class=\"wp-image-133\" style=\"aspect-ratio:4\/3;object-fit:cover\" srcset=\"https:\/\/borkowskasmm.pl\/wp-content\/uploads\/2026\/03\/photo_2026-03-09_23-28-03-removebg-preview-1-1.png 500w, https:\/\/borkowskasmm.pl\/wp-content\/uploads\/2026\/03\/photo_2026-03-09_23-28-03-removebg-preview-1-1-300x300.png 300w, https:\/\/borkowskasmm.pl\/wp-content\/uploads\/2026\/03\/photo_2026-03-09_23-28-03-removebg-preview-1-1-150x150.png 150w\" sizes=\"auto, (max-width: 500px) 100vw, 500px\" \/><\/figure>\n<\/div>\n\n\n\n<div class=\"wp-block-column is-layout-flow wp-block-column-is-layout-flow\" style=\"font-style:italic;font-weight:600;text-decoration:none\">\n<p><\/p>\n\n\n\n<ul style=\"margin-top:50px;margin-bottom:50px\" class=\"wp-block-list\">\n<li class=\"has-medium-font-size\">Social Media Management<\/li>\n\n\n\n<li class=\"has-medium-font-size\">Kampanie reklamowe Meta Ads<\/li>\n\n\n\n<li class=\"has-medium-font-size\">Strategia marketingowa<\/li>\n\n\n\n<li class=\"has-medium-font-size\">Konsultacje marketingowe<\/li>\n<\/ul>\n<\/div>\n<\/div>\n\n\n\n<p><\/p>\n\n\n<h2 style=\"margin-top:100px;\" class=\"has-text-align-center wp-block-post-title\">Realne wyniki wsp\u00f3\u0142pracy<\/h2>\n\n\n<p class=\"has-text-align-center\" style=\"margin-bottom:40px\">Przyk\u0142ad wynik\u00f3w osi\u0105gni\u0119tych dla salonu beauty w Rzeszowie<\/p>\n\n\n\n<div class=\"wp-block-columns is-layout-flex wp-container-core-columns-is-layout-28f84493 wp-block-columns-is-layout-flex\" style=\"border-width:6px;border-top-left-radius:100px;border-top-right-radius:100px;border-bottom-left-radius:100px;border-bottom-right-radius:100px;box-shadow:var(--wp--preset--shadow--deep)\">\n<div class=\"wp-block-column is-layout-flow wp-block-column-is-layout-flow\">\n<h2 class=\"wp-block-heading has-text-align-center\">+ 113%<\/h2>\n\n\n\n<p class=\"has-text-align-center has-medium-font-size\">Wzrost zasi\u0119gu social media<\/p>\n<\/div>\n\n\n\n<div class=\"wp-block-column is-layout-flow wp-block-column-is-layout-flow\">\n<h2 class=\"wp-block-heading has-text-align-center\">70 000 <\/h2>\n\n\n\n<p class=\"has-text-align-center has-medium-font-size\">miesi\u0119cznych wy\u015bwietle\u0144 tre\u015bci<\/p>\n<\/div>\n\n\n\n<div class=\"wp-block-column is-layout-flow wp-block-column-is-layout-flow\">\n<h2 class=\"wp-block-heading has-text-align-center\">80%<\/h2>\n\n\n\n<p class=\"has-text-align-center has-medium-font-size\">odbiorc\u00f3w spoza grona znajomych<\/p>\n<\/div>\n<\/div>\n\n\n\n<p class=\"has-text-align-center has-medium-font-size\" style=\"margin-top:60px\">W ci\u0105gu kilku miesi\u0119cy zwi\u0119kszy\u0142am zasi\u0119gi konta z <strong>22 000<\/strong> do <strong>47 000<\/strong> wy\u015bwietle\u0144 miesi\u0119cznie. Dzi\u0119ki strategii contentowej oraz optymalizacji dzia\u0142a\u0144 marketingowych profil dociera do tysi\u0119cy nowych potencjalnych klient\u00f3w ka\u017cdego miesi\u0105ca.<\/p>\n\n\n\n<h2 class=\"wp-block-heading has-text-align-center\" style=\"margin-top:80px\">Zacznijmy rozwija\u0107 Twoja mark\u0119<\/h2>\n\n\n\n<div class=\"wp-block-buttons is-content-justification-center is-layout-flex wp-container-core-buttons-is-layout-c4210fe9 wp-block-buttons-is-layout-flex\" style=\"margin-bottom:100px\">\n<div class=\"wp-block-button has-custom-width wp-block-button__width-50\"><a class=\"wp-block-button__link has-medium-font-size has-text-align-center has-custom-font-size wp-element-button\" style=\"border-top-left-radius:30px;border-top-right-radius:30px;border-bottom-left-radius:30px;border-bottom-right-radius:30px\"><strong>Um\u00f3w bezp\u0142atn\u0105 konsultacj\u0119<\/strong><\/a><\/div>\n<\/div>\n\n\n\n<div data-wp-context=\"{ &quot;autoclose&quot;: false, &quot;accordionItems&quot;: [] }\" data-wp-interactive=\"core\/accordion\" role=\"group\" class=\"wp-block-accordion is-layout-flow wp-block-accordion-is-layout-flow\">\n<div data-wp-class--is-open=\"state.isOpen\" data-wp-context=\"{ &quot;id&quot;: &quot;accordion-item-2&quot;, &quot;openByDefault&quot;: false }\" data-wp-init=\"callbacks.initAccordionItems\" data-wp-on-window--hashchange=\"callbacks.hashChange\" class=\"wp-block-accordion-item is-layout-flow wp-block-accordion-item-is-layout-flow\">\n<h3 class=\"wp-block-accordion-heading\"><button aria-expanded=\"false\" aria-controls=\"accordion-item-2-panel\" data-wp-bind--aria-expanded=\"state.isOpen\" data-wp-on--click=\"actions.toggle\" data-wp-on--keydown=\"actions.handleKeyDown\" id=\"accordion-item-2\" type=\"button\" class=\"wp-block-accordion-heading__toggle\"><span class=\"wp-block-accordion-heading__toggle-title\"><em>Najcz\u0119\u015bciej zadawane pytania:<\/em> <\/span><span class=\"wp-block-accordion-heading__toggle-icon\" aria-hidden=\"true\">+<\/span><\/button><\/h3>\n\n\n\n<div inert aria-labelledby=\"accordion-item-2\" data-wp-bind--inert=\"!state.isOpen\" id=\"accordion-item-2-panel\" role=\"region\" class=\"wp-block-accordion-panel is-layout-flow wp-block-accordion-panel-is-layout-flow\"><\/div>\n<\/div>\n<\/div>\n\n\n\n<details class=\"wp-block-details is-layout-flow wp-block-details-is-layout-flow\"><summary><strong>Czy zajmujesz si\u0119 r\u00f3wnie\u017c reklamami?<\/strong><\/summary>\n<p>Tak. Opr\u00f3cz prowadzenia social media tworz\u0119 i optymalizuj\u0119 kampanie reklamowe Meta Ads na Facebooku i Instagramie.<\/p>\n<\/details>\n\n\n\n<details class=\"wp-block-details is-layout-flow wp-container-core-details-is-layout-47e5a185 wp-block-details-is-layout-flow\"><summary><strong>Czy musz\u0119 mie\u0107 bud\u017cet reklamowy?<\/strong><\/summary>\n<p>Nie zawsze, ale je\u015bli celem jest szybszy wzrost i pozyskiwanie klient\u00f3w, reklamy s\u0105 bardzo wa\u017cnym elementem dzia\u0142a\u0144.<\/p>\n<\/details>\n\n\n\n<details class=\"wp-block-details is-layout-flow wp-block-details-is-layout-flow\"><summary><strong>Jak wygl\u0105da pocz\u0105tek wsp\u00f3\u0142pracy?<\/strong><\/summary>\n<p>Zaczynamy od konsultacji, analizy marki i ustalenia cel\u00f3w. Dopiero p\u00f3\u017aniej tworz\u0119 strategi\u0119 i plan dzia\u0142a\u0144.<\/p>\n<\/details>\n\n\n\n<details class=\"wp-block-details is-layout-flow wp-block-details-is-layout-flow\"><summary><strong>Czy mog\u0119 wybra\u0107 tylko konsultacj\u0119?<\/strong><\/summary>\n<p>Tak. Mo\u017cliwa jest r\u00f3wnie\u017c jednorazowa konsultacja marketingowa dopasowana do potrzeb Twojej marki.<\/p>\n<\/details>\n\n\n\n<p><\/p>\n","protected":false},"excerpt":{"rendered":"<p>Strategia i reklamy, kt\u00f3re realnie zwi\u0119kszaj\u0105 sprzeda\u017c. Tworz\u0119 strategi\u0119, content i kampanie Meta Ads, kt\u00f3re realnie zwi\u0119kszaj\u0105 sprzeda\u017c Twojej marki. [&hellip;]<\/p>\n","protected":false},"author":1,"featured_media":0,"parent":0,"menu_order":0,"comment_status":"closed","ping_status":"closed","template":"","meta":{"site-sidebar-layout":"default","site-content-layout":"","ast-site-content-layout":"default","site-content-style":"default","site-sidebar-style":"default","ast-global-header-display":"","ast-banner-title-visibility":"","ast-main-header-display":"","ast-hfb-above-header-display":"","ast-hfb-below-header-display":"","ast-hfb-mobile-header-display":"","site-post-title":"disabled","ast-breadcrumbs-content":"","ast-featured-img":"","footer-sml-layout":"","ast-disable-related-posts":"","theme-transparent-header-meta":"","adv-header-id-meta":"","stick-header-meta":"","header-above-stick-meta":"","header-main-stick-meta":"","header-below-stick-meta":"","astra-migrate-meta-layouts":"default","ast-page-background-enabled":"default","ast-page-background-meta":{"desktop":{"background-color":"var(--ast-global-color-5)","background-image":"","background-repeat":"repeat","background-position":"center center","background-size":"auto","background-attachment":"scroll","background-type":"","background-media":"","overlay-type":"","overlay-color":"","overlay-opacity":"","overlay-gradient":""},"tablet":{"background-color":"","background-image":"","background-repeat":"repeat","background-position":"center center","background-size":"auto","background-attachment":"scroll","background-type":"","background-media":"","overlay-type":"","overlay-color":"","overlay-opacity":"","overlay-gradient":""},"mobile":{"background-color":"","background-image":"","background-repeat":"repeat","background-position":"center center","background-size":"auto","background-attachment":"scroll","background-type":"","background-media":"","overlay-type":"","overlay-color":"","overlay-opacity":"","overlay-gradient":""}},"ast-content-background-meta":{"desktop":{"background-color":"var(--ast-global-color-4)","background-image":"","background-repeat":"repeat","background-position":"center center","background-size":"auto","background-attachment":"scroll","background-type":"","background-media":"","overlay-type":"","overlay-color":"","overlay-opacity":"","overlay-gradient":""},"tablet":{"background-color":"var(--ast-global-color-4)","background-image":"","background-repeat":"repeat","background-position":"center center","background-size":"auto","background-attachment":"scroll","background-type":"","background-media":"","overlay-type":"","overlay-color":"","overlay-opacity":"","overlay-gradient":""},"mobile":{"background-color":"var(--ast-global-color-4)","background-image":"","background-repeat":"repeat","background-position":"center center","background-size":"auto","background-attachment":"scroll","background-type":"","background-media":"","overlay-type":"","overlay-color":"","overlay-opacity":"","overlay-gradient":""}},"footnotes":""},"class_list":["post-6","page","type-page","status-publish","hentry"],"_links":{"self":[{"href":"https:\/\/borkowskasmm.pl\/index.php?rest_route=\/wp\/v2\/pages\/6","targetHints":{"allow":["GET"]}}],"collection":[{"href":"https:\/\/borkowskasmm.pl\/index.php?rest_route=\/wp\/v2\/pages"}],"about":[{"href":"https:\/\/borkowskasmm.pl\/index.php?rest_route=\/wp\/v2\/types\/page"}],"author":[{"embeddable":true,"href":"https:\/\/borkowskasmm.pl\/index.php?rest_route=\/wp\/v2\/users\/1"}],"replies":[{"embeddable":true,"href":"https:\/\/borkowskasmm.pl\/index.php?rest_route=%2Fwp%2Fv2%2Fcomments&post=6"}],"version-history":[{"count":82,"href":"https:\/\/borkowskasmm.pl\/index.php?rest_route=\/wp\/v2\/pages\/6\/revisions"}],"predecessor-version":[{"id":172,"href":"https:\/\/borkowskasmm.pl\/index.php?rest_route=\/wp\/v2\/pages\/6\/revisions\/172"}],"wp:attachment":[{"href":"https:\/\/borkowskasmm.pl\/index.php?rest_route=%2Fwp%2Fv2%2Fmedia&parent=6"}],"curies":[{"name":"wp","href":"https:\/\/api.w.org\/{rel}","templated":true}]}}